of 14620?
2
What is the hundreds digit of 572?
5
What is the tens digit of 53590?
9
What is the units digit of 1086?
6
What is the hundreds digit of 21003?
0
What is the hundreds digit of 2153?
1
What is the units digit of 4697?
7
What is the thousands digit of 7067?
7
What is the tens digit of 48150?
5
What is the units digit of 1207?
7
What is the hundreds digit of 63087?
0
What is the tens digit of 129126?
2
What is the ten thousands digit of 12747?
1
What is the tens digit of 106317?
1
What is the units digit of 28374?
4
What is the ten thousands digit of 22316?
2
What is the units digit of 77294?
4
What is the units digit of 6886?
6
What is the thousands digit of 10774?
0
What is the units digit of 51096?
6
What is the tens digit of 45094?
9
What is the units digit of 878?
8
What is the tens digit of 290?
9
What is the units digit of 4999?
9
What is the ten thousands digit of 37029?
3
What is the units digit of 4256?
6
What is the hundreds digit of 1098?
0
What is the thousands digit of 31597?
1
What is the units digit of 186?
6
What is the units digit of 5458?
8
What is the units digit of 30788?
8
What is the thousands digit of 18878?
8
What is the units digit of 1934?
4
What is the thousands digit of 9892?
9
What is the tens digit of 868?
6
What is the units digit of 1252?
2
What is the thousands digit of 1646?
1
What is the tens digit of 9766?
6
What is the units digit of 31960?
0
What is the thousands digit of 43685?
3
What is the hundreds digit of 710?
7
What is the hundreds digit of 115678?
6
What is the units digit of 734?
4
What is the thousands digit of 25688?
5
What is the units digit of 1695?
5
What is the tens digit of 90956?
5
What is the units digit of 806?
6
What is the ten thousands digit of 19570?
1
What is the tens digit of 5564?
6
What is the tens digit of 670?
7
What is the units digit of 5063?
3
What is the tens digit of 843?
4
What is the ten thousands digit of 17769?
1
What is the thousands digit of 5205?
5
What is the tens digit of 3932?
3
What is the hundred thousands digit of 164175?
1
What is the hundreds digit of 1255?
2
What is the units digit of 51668?
8
What is the hundreds digit of 7729?
7
What is the hundreds digit of 2368?
3
What is the units digit of 720?
0
What is the thousands digit of 1119?
1
What is the hundreds digit of 6565?
5
What is the hundreds digit of 102977?
9
What is the hundreds digit of 196?
1
What is the tens digit of 2348?
4
What is the hundreds digit of 24386?
3
What is the units digit of 4249?
9
What is the units digit of 5035?
5
What is the tens digit of 63976?
7
What is the tens digit of 6829?
2
What is the tens digit of 1465?
6
What is the tens digit of 8140?
4
What is the units digit of 14150?
0
What is the hundreds digit of 752?
7
What is the thousands digit of 2399?
2
What is the ten thousands digit of 109271?
0
What is the units digit of 3008?
8
What is the units digit of 75676?
6
What is the ten thousands digit of 68926?
6
What is the thousands digit of 7142?
7
What is the thousands digit of 23776?
3
What is the hundreds digit of 55666?
6
What is the units digit of 2201?
1
What is the hundreds digit of 3184?
1
What is the units digit of 172000?
0
What is the hundreds digit of 10162?
1
What is the tens digit of 27428?
2
What is the thousands digit of 1934?
1
What is the tens digit of 429?
2
What is the hundreds digit of 127?
1
What is the thousands digit of 39857?
9
What is the hundred thousands digit of 153278?
1
What is the units digit of 897?
7
What is the thousands digit of 187333?
7
What is the tens digit of 63?
6
What is the hundreds digit of 38733?
7
What is the units digit of 6205?
5
What is the units digit of 8762?
2
What is the thousands digit of 1579?
1
What is the hundred thousands digit of 155538?
1
What is the hundreds digit of 402?
4
What is the tens digit of 421?
2
What is the units digit of 1868?
8
What is the hundreds digit of 97638?
6
What is the thousands digit of 5073?
5
What is the hundreds digit of 834?
8
What is the thousands digit of 1233?
1
What is the tens digit of 6594?
9
What is the ten thousands digit of 25666?
2
What is the tens digit of 18413?
1
What is the hundreds digit of 511?
5
What is the ten thousands digit of 53163?
5
What is the thousands digit of 1679?
1
What is the thousands digit of 11628?
1
What is the tens digit of 725?
2
What is the hundred thousands digit of 162825?
1
What is the tens digit of 670?
7
What is the ten thousands digit of 63077?
6
What is the ten thousands digit of 20022?
2
What is the ten thousands digit of 24681?
2
What is the tens digit of 20444?
4
What is the tens digit of 712?
1
What is the hundreds digit of 6592?
5
What is the units digit of 1789?
9
What is the ten thousands digit of 21995?
2
What is the thousands digit of 7587?
7
What is the hundreds digit of 465?
4
What is the thousands digit of 65736?
5
What is the units digit of 2641?
1
What is the units digit of 29797?
7
What is the thousands digit of 4390?
4
What is the hundreds digit of 653?
6
What is the tens digit of 182?
8
What is the units digit of 90844?
4
What is the tens digit of 9324?
2
What is the hundreds digit of 538?
5
What is the hundreds digit of 7150?
1
What is the units digit of 2990?
0
What is the hundreds digit of 365?
3
What is the units digit of 7727?
7
What is the units digit of 159804?
4
What is the tens digit of 8565?
6
What is the ten thousands digit of 97048?
9
What is the hundreds digit of 1250?
2
What is the tens digit of 35825?
2
What is the thousands digit of 3418?
3
What is the tens digit of 13516?
1
What is the units digit of 361?
1
What is the units digit of 1457?
7
What is the thousands digit of 2520?
2
What is the units digit of 1322?
2
What is the hundreds digit of 187?
1
What is the hundreds digit of 2524?
5
What is the tens digit of 129?
2
What is the tens digit of 81155?
5
What is the ten thousands digit of 44910?
4
What is the ten thousands digit of 149124?
4
What is the units digit of 360?
0
What is the hundreds digit of 8331?
3
What is the units digit of 1274?
4
What is the tens digit of 390?
9
What is the units digit of 687?
7
What is the hundreds digit of 7475?
4
What is the thousands digit of 4292?
4
What is the thousands digit of 8755?
8
What is the units digit of 4351?
1
What is the thousands digit of 6622?
6
What is the hundreds digit of 9293?
2
What is the thousands digit of 27110?
7
What is the tens digit of 42627?
2
What is the tens digit of 208?
0
What is the units digit of 70081?
1
What is the thousands digit of 44620?
4
What is the hundreds digit of 3531?
5
What is the tens digit of 6848?
4
What is the ten thousands digit of 20599?
2
What is the ten thousands digit of 12037?
1
What is the tens digit of 7165?
6
What is the hundreds digit of 285?
2
What is the tens digit of 20761?
6
What is the hundreds digit of 29775?
7
What is the thousands digit of 10957?
0
What is the units digit of 2987?
7
What is the ten thousands digit of 84520?
8
What is the hundreds digit of 74254?
2
What is the ten thousands digit of 59647?
5
What is the hundreds digit of 129?
1
What is the hundreds digit of 877?
8
What is the tens digit of 1287?
8
What is the units digit of 936?
6
What is the ten thousands digit of 55361?
5
What is the tens digit of 2219?
1
What is the hundreds digit of 3943?
9
What is the units digit of 30?
0
What is the tens digit of 2026?
2
What is the tens digit of 657?
5
What is the units digit of 95872?
2
What is the tens digit of 9680?
8
What is the tens digit of 19410?
1
What is the hundreds digit of 9046?
0
What is the units digit of 2342?
2
What is the units digit of 16778?
8
What is the units digit of 22785?
5
What is the thousands digit of 10570?
0
What is the tens digit of 10021?
2
What is the units digit of 18023?
3
What is the tens digit of 23708?
0
What is the tens digit of 48648?
4
What is the thousands digit of 57340?
7
What is the hundreds digit of 3738?
7
What is the units digit of 1350?
0
What is the ten thousands digit of 116859?
1
What is the thousands digit of 18801?
8
What is the ten thousands digit of 20081?
2
What is the hundreds digit of 266?
2
What is the thousands digit of 2428?
2
What is the tens digit of 66646?
4
What is the units digit of 1518?
8
What is the units digit of 10